 of b.
2, 3
Suppose 0*q = 5*q + 10. Let v = 5 - q. List the prime factors of v.
7
Suppose 2*d + 6 = -26. Let g = d + 24. What are the prime factors of g?
2
Suppose -2*s + 4*a + 0*a = 624, 3*s + 5*a + 958 = 0. What are the prime factors of (-10)/(-15) + s/(-12)?
3
Let l(a) = a**2 - 4*a - 7. Let w be l(5). Let q(t) = -t**2 - 5*t - 2. Let o be q(w). Suppose 3 = -3*x, h - 11 = -3*x + o*x. List the prime factors of h.
2, 5
Let g be 2/4 + (-63)/(-18). Suppose 95 = 5*j + 3*x, 0 = g*j - 0*x + 2*x - 78. Suppose -2*w - 2*q = -j, q - 20 = -2*w - 0*q. List the prime factors of w.
3
List the prime factors of 86/5*(-1)/2*-10.
2, 43
Let s be 1 + (-8 - -4) + 6. Suppose -3*o - s = 0, -3*m = 4*o - 3*o - 128. List the prime factors of m.
43
Suppose -3*s + 2*j - 1 = 0, -2*s - 4*j = 2*s - 12. Suppose p = -5*o + s, 2*p - 3*p + 5*o + 21 = 0. What are the prime factors of p?
11
Let x be 4/(0 - (-4)/(-246)). List the prime factors of (-2)/10 + x/(-30).
2
What are the prime factors of 40/6*3/2?
2, 5
What are the prime factors of ((-2)/(-4) - 0)*28?
2, 7
Suppose 2*k - 4 = 2*n, -4*n - 3 + 5 = -2*k. Let l be 3 + (-1)/((-1)/(-3)). Suppose l = o - n*o + 6. List the prime factors of o.
3
Let h(k) = 4*k**3 - k - 2*k**2 - 3*k**3 + k**2. Let p(z) = 6*z**3 - 4*z - 4. Let b(n) = 5*h(n) - p(n). List the prime factors of b(-5).
3
Let l = 13 + -11. Suppose u = 4*z - 95, z - 3*u + 27 = l*z. List the prime factors of z.
2, 3
Suppose -4*i = 3*c - 61, -i + 4*c + 0*c = -1. Let j(l) = l**3 - 13*l**2 + l - 9. List the prime factors of j(i).
2
Suppose 0*j + 5*r + 6 = -3*j, -3*j - 9 = 4*r. Let b be 2/(-3 + 1) - 33/3. Let y = j - b. List the prime factors of y.
5
Suppose 11*x = -518 + 3818. List the prime factors of x.
2, 3, 5
Suppose 9*n - 12*n + 393 = 0. List the prime factors of n.
131
Let p(g) = 1 + g - 6 + 0*g. Let j be p(5). What are the prime factors of 13 - (2 + -1) - j?
2, 3
What are the prime factors of (-3 - (-236)/16)*16?
2, 47
Let w = -1 + -2. Let i(f) = -2*f - 4. Let o be i(w). What are the prime factors of 6 + (-1 + o)*-2?
2
Let v(m) = 6*m**2 - 3*m. Let y be v(2). Suppose k + 2 = y. Let r = k + -10. List the prime factors of r.
2, 3
Let x(k) = k**3 - 3*k**2 + k + 2. Let l be x(3). Suppose -4*r - 5*d + l = 0, -3*r - d + 17 - 5 = 0. What are the prime factors of r?
5
Let w be (1 + 0)/(0 + 1). Let s = -62 - -89. Suppose w = u + 4*j - 10, 4*u - j - s = 0. List the prime factors of u.
7
Suppose -2*x - 82 = -4*x. What are the prime factors of x?
41
Suppose 7*p - 22 = -2*v + 3*p, -3*v = 2*p - 17. Suppose -a = -v*y - 5, 3*y - 7*y + 5 = a. Let c(j) = j**3 - j**2 - j + 6. What are the prime factors of c(y)?
2, 3
Let o(z) = z**2 + 7*z - 3. Suppose -5*k + 4 = 14. Let g = -6 + k. List the prime factors of o(g).
5
Let x(u) = u + 7. Let w be 9/(3 + (-6)/4). What are the prime factors of x(w)?
13
Suppose -2*l + 7 = 9. List the prime factors of 8/l*(2 + -3).
2
Suppose a = 3*w + 46, 4*a - 5*w + 4*w - 239 = 0. List the prime factors of a.
61
Let a(m) = m**2 + 12*m - 22. Let b be a(-15). Let d = b - 13. What are the prime factors of d?
2, 5
Let o = -35 - -21. List the prime factors of (-259)/o - (-2)/(-4).
2, 3
Let o be 7 + 3 + (3 - 8). Suppose -4*z - 5*t + 3 = -0, -o*z = t - 30. What are the prime factors of z?
7
List the prime factors of (-36 - 0)*13/(-26).
2, 3
Suppose 4*q + 4*i - 23 - 53 = 0, -79 = -4*q - i. Suppose -2*o + 31 = -0*o - m, -4*m - q = 0. What are the prime factors of o?
13
Let v(g) = g**3 + 7*g**2 - g - 5. Let t be v(-7). Let b(a) = 5*a**3 + 2*a**2 - 3*a. List the prime factors of b(t).
2, 3, 7
Suppose -10*p + 175 = -5*p. Suppose 79 = -c + 3*c + l, 5*l - p = -c. What are the prime factors of c?
2, 5
Let m = 5 - 4. Let j = 17 - m. What are the prime factors of j?
2
Let d(i) = -4*i - 4. Let c be d(-4). Suppose m - c = -m. What are the prime factors of m?
2, 3
Let w(d) = -d**2 + 9*d - 8. Let i be w(9). Let o = 6 + i. Let b = 2 - o. What are the prime factors of b?
2
Let t be (-22 + -2)*1/2. Let a be (-2)/(-9) - (-382)/(-18). Let f = t - a. List the prime factors of f.
3
Let a = -249 + 596. What are the prime factors of a?
347
Suppose 5*r + 4*h = -32, -4*h - 17 = -5. List the prime factors of 1/r - (-210)/8.
2, 13
Let k = -36 - -31. Suppose -5*z + 23 = -2. What are the prime factors of (z - (-2 - k)) + 10?
2, 3
Suppose 4 = 5*p - 1, -5*g - 5*p - 50 = 0. Let l = 9 - g. Suppose 3*o - 2*z = 16, -2*o - 3*z - 5 + l = 0. List the prime factors of o.
2, 3
Let c(i) = 6*i - 7. List the prime factors of c(3).
11
Let k(l) be the first derivative of -l**2/2 + 2*l - 2. List the prime factors of k(-4).
2, 3
Suppose b + 0*b + 62 = 2*y, -3*b = 5*y - 166. List the prime factors of y/4 + (-2)/1.
2, 3
Let v = -84 + 146. What are the prime factors of v?
2, 31
Let l(t) = -t**2 - 6*t - 4. Let n be l(-4). Suppose 3*z = 2*z - 5*y - 25, -3*z + n*y + 20 = 0. Let k = z + 11. What are the prime factors of k?
11
Suppose s = 3 - 13. Let u(f) = -2*f**2 + 6*f + 6. Let j be u(5). Let q = s - j. What are the prime factors of q?
2
Suppose -5 + 1 = 4*k, -178 = -3*h + 4*k. What are the prime factors of h?
2, 29
Suppose -17 + 1 = -4*t. Let m(c) = c + 18. Let l be m(-5). Let s = l - t. What are the prime factors of s?
3
Let s = -99 - -187. What are the prime factors of s?
2, 11
Suppose -408 = -5*p - p. List the prime factors of p.
2, 17
Let y = 12 + -18. Let f(m) = -m**2 - 8*m - 9. Let p be f(y). Suppose 0 = -p*g + 7*g - 20. List the prime factors of g.
5
Let c = 2 - 6. What are the prime factors of 15*((-108)/15)/c?
3
Let b = -62 + 120. List the prime factors of b.
2, 29
Let r be (1 - 8)*(-5)/1. Suppose 0 = 5*g - r + 15. List the prime factors of g.
2
Let u(f) = f**3 - f**2 - 5*f + 3. What are the prime factors of u(3)?
2, 3
Let v(q) = -7*q**3 + 2*q + 5. Let p(a) = -8*a**3 + 2*a + 4. Let b(r) = -6*p(r) + 5*v(r). What are the prime factors of b(1)?
2, 3
Let y = 19 + 21. What are the prime factors of y?
2, 5
Suppose -6 = 2*d - 28. Suppose -d + 211 = 5*t. List the prime factors of t.
2, 5
Suppose -i - 5*b - 61 = 0, -6*i + 4*b - 364 = -2*i. List the prime factors of i/(-3 + 1) - 4.
3, 13
Let f = 223 + -159. Suppose -4*q = 2*r - f, -5*r + 3*q + 202 = -q. List the prime factors of r.
2, 19
Suppose 5*c - 1147 = p + 148, 2*c - 5*p - 518 = 0. List the prime factors of c.
7, 37
Let k(f) = 2*f**2 + 11*f + 64. What are the prime factors of k(-11)?
5, 37
Let u = -7 - -36. List the prime factors of u.
29
Let o = -6 - -12. Suppose -3*r = -o - 3. Suppose l = 6*q - r*q - 12, 4*q - 2*l = 18. List the prime factors of q.
3
Let g be 18/(0 - (-4)/4). Suppose 6*q - g = 3*q. What are the prime factors of q?
2, 3
Suppose s = 6*s - 230. What are the prime factors of s?
2, 23
Suppose 0 = -o - d + 19, -2*d + 4 = -d. Suppose t + 0*t + 3*s - 21 = 0, -2*t + 3*s = -o. Let v = t - 5. What are the prime factors of v?
7
Suppose -5*l + 293 = -122. List the prime factors of l.
83
Let k = 31 + -13. What are the prime factors of k?
2, 3
Let c(w) = 8*w + 6. Let s be c(3). Let d = s + -25. What are the prime factors of d?
5
Let h = 491 - 267. List the prime factors of h.
2, 7
What are the prime factors of 2/8 - (-526)/8?
2, 3, 11
Suppose -2*g + 0*a - 2*a + 16 = 0, 4*g = -a + 41. List the prime factors of g.
11
Let j be 4/(-10) - 44/(-10). Suppose -1 = -j*i + 11. Suppose -4*f + i*f = -3. What are the prime factors of f?
3
Let v = 82 - 48. List the prime factors of v.
2, 17
Let h(r) be the third derivative of r**4/8 + r**3/6 - 2*r**2. List the prime factors of h(10).
31
Let l(w) = w**2 + w - 2. Let a be l(4). Let h = a + 23. List the prime factors of h.
41
Let b(l) = l**3 - 6*l**2 + 2*l. Let d be b(4). Let c = d + 64. Suppose 5*t - 2*z - c = t, 5*t + 3*z = 28. List the prime factors of t.
2
Let g = 10 - 7. Suppose g*t + t - 64 = 0. List the prime factors of t.
2
Suppose -4*s + 8*s = 12. Let m(y) be the second derivative of y**5/20 - y**4/12 - 2*y**3/3 + y**2 + 9*y. List the prime factors of m(s).
2
Suppose 2*s + 11 + 14 = -5*u, 0 = -5*s - 3*u - 15. Suppose s = 3*c - 15, 0 = 4*b + b + c - 170. List the prime factors of b.
3, 11
Let v(p) be the first derivative of -p**3/3 - 1. Let f be v(-1). What are the prime factors of ((-2)/(-2))/(f/(-9))?
3
Suppose 0 = -3*m - m + 12. Suppose 0*n = -4*n + 2*v + 16, 17 = m*n - 4*v. What are the prime factors of n?
3
Suppose